0
What is -11 (base 5) in base 8?
-6
101 (base 2) to base 15
5
-10 (base 14) to base 3
-112
Convert -12 (base 15) to base 14.
-13
What is -2 (base 9) in base 11?
-2
17 (base 11) to base 2
10010
-4 (base 11) to base 7
-4
What is -1 (base 12) in base 2?
-1
-10 (base 2) to base 10
-2
Convert -11011 (base 3) to base 5.
-422
What is 1c (base 13) in base 11?
23
What is 20111 (base 3) in base 11?
14a
Convert 22 (base 9) to base 7.
26
-1 (base 13) to base 6
-1
Convert -3 (base 4) to base 2.
-11
What is 12 (base 13) in base 7?
21
-3 (base 12) to base 9
-3
What is -eb (base 15) in base 6?
-1005
What is -11 (base 2) in base 5?
-3
What is 12001 (base 3) in base 10?
136
Convert 55 (base 8) to base 13.
36
Convert -135 (base 6) to base 2.
-111011
42 (base 8) to base 13
28
What is 313 (base 4) in base 15?
3a
Convert 31 (base 11) to base 6.
54
Convert 3 (base 14) to base 8.
3
44 (base 8) to base 15
26
Convert -d0 (base 15) to base 10.
-195
What is -e1 (base 15) in base 9?
-254
-27 (base 12) to base 14
-23
What is 83 (base 16) in base 7?
245
22 (base 15) to base 16
20
11100 (base 2) to base 15
1d
111111 (base 2) to base 4
333
-7 (base 10) to base 13
-7
What is 2240 (base 5) in base 13?
1b8
What is -95 (base 16) in base 9?
-175
What is 4 (base 8) in base 4?
10
Convert 10110 (base 3) to base 4.
1131
Convert -2 (base 3) to base 16.
-2
Convert 41 (base 10) to base 4.
221
Convert -8 (base 14) to base 3.
-22
Convert 4 (base 10) to base 5.
4
Convert 331 (base 9) to base 4.
10033
What is 50 (base 8) in base 12?
34
Convert 100001 (base 2) to base 14.
25
What is 15 (base 11) in base 8?
20
What is -16 (base 11) in base 8?
-21
0 (base 10) to base 15
0
What is -202 (base 3) in base 2?
-10100
What is 21 (base 3) in base 11?
7
What is 117 (base 13) in base 12?
139
Convert 1 (base 3) to base 9.
1
2 (base 11) to base 2
10
-2221 (base 3) to base 8
-117
What is 8 (base 9) in base 12?
8
Convert 6 (base 12) to base 11.
6
What is -1 (base 5) in base 8?
-1
What is -1b (base 13) in base 14?
-1a
Convert 121 (base 8) to base 3.
10000
What is 3 (base 7) in base 5?
3
What is -1 (base 6) in base 15?
-1
What is 14 (base 6) in base 2?
1010
Convert 24 (base 7) to base 5.
33
1b6 (base 15) to base 3
112200
Convert -3 (base 4) to base 10.
-3
What is 12 (base 4) in base 10?
6
What is 0 (base 6) in base 10?
0
What is 100 (base 3) in base 13?
9
Convert -11 (base 9) to base 12.
-a
-1 (base 15) to base 3
-1
Convert -1110 (base 2) to base 6.
-22
Convert -1 (base 5) to base 12.
-1
Convert -1120 (base 3) to base 13.
-33
Convert -10 (base 2) to base 4.
-2
3 (base 14) to base 4
3
Convert 4 (base 15) to base 13.
4
Convert -164 (base 9) to base 4.
-2023
11b (base 16) to base 14
163
-1021 (base 3) to base 7
-46
What is 0 (base 15) in base 3?
0
-2100 (base 3) to base 9
-70
What is 58 (base 13) in base 8?
111
-110 (base 4) to base 8
-24
-110011 (base 2) to base 5
-201
1111 (base 4) to base 9
104
What is -2 (base 12) in base 8?
-2
Convert 3 (base 11) to base 4.
3
Convert 3c (base 15) to base 12.
49
What is -24 (base 6) in base 15?
-11
What is 2 (base 16) in base 2?
10
Convert 5 (base 10) to base 2.
101
Convert 1 (base 4) to base 11.
1
-11110011 (base 2) to base 5
-1433
184 (base 13) to base 11
232
204 (base 6) to base 12
64
What is -100100 (base 2) in base 9?
-40
What is 234 (base 9) in base 10?
193
-7 (base 16) to base 10
-7
-11 (base 14) to base 12
-13
Convert 0 (base 12) to base 6.
0
-2 (base 16) to base 5
-2
142 (base 7) to base 11
72
Convert -104 (base 6) to base 15.
-2a
Convert 5 (base 8) to base 15.
5
-13 (base 7) to base 13
-a
Convert -21121 (base 3) to base 4.
-3031
Convert -3 (base 12) to base 15.
-3
Convert -1 (base 16) to base 11.
-1
11 (base 4) to base 11
5
100 (base 3) to base 11
9
1 (base 13) to base 15
1
3 (base 14) to base 5
3
Convert -1220 (base 3) to base 6.
-123
-8 (base 16) to base 14
-8
What is -53 (base 7) in base 3?
-1102
What is 14 (base 16) in base 14?
16
Convert -500 (base 7) to base 5.
-1440
-12221 (base 3) to base 13
-c4
Convert a (base 13) to base 2.
1010
Convert 11120 (base 3) to base 16.
7b
Convert 22 (base 4) to base 12.
a
Convert -6 (base 12) to base 6.
-10
What is 76 (base 10) in base 12?
64
6 (base 16) to base 14
6
-100111 (base 2) to base 4
-213
What is 4 (base 12) in base 2?
100
Convert -7 (base 12) to base 7.
-10
108 (base 11) to base 10
129
What is 8 (base 16) in base 6?
12
158 (base 10) to base 8
236
What is -176 (base 11) in base 6?
-540
-2 (base 13) to base 14
-2
Convert -5 (base 11) to base 5.
-10
Convert -5c (base 15) to base 12.
-73
13 (base 7) to base 6
14
What is 19 (base 16) in base 14?
1b
Convert 14 (base 12) to base 3.
121
3 (base 8) to base 9
3
Convert 1123 (base 4) to base 6.
231
What is -2 (base 7) in base 14?
-2
What is e8 (base 15) in base 3?
22002
Convert 120 (base 3) to base 11.
14
Convert 323 (base 7) to base 8.
244
What is 5 (base 13) in base 3?
12
-1 (base 5) to base 8
-1
Convert 6 (base 8) to base 6.
10
Convert 152 (base 6) to base 12.
58
What is 39 (base 15) in base 7?
105
53 (base 16) to base 8
123
Convert 8 (base 11) to base 4.
20
61 (base 15) to base 5
331
-30 (base 5) to base 12
-13
Convert -237 (base 10) to base 2.
-11101101
10 (base 5) to base 6
5
-6 (base 12) to base 15
-6
What is -3 (base 14) in base 12?
-3
Convert 1 (base 2) to base 13.
1
Convert 10 (base 2) to base 11.
2
Convert 20 (base 4) to base 7.
11
Convert 288 (base 9) to base 4.
3302
What is 36 (base 7) in base 8?
33
-110 (base 4) to base 14
-16
48 (base 11) to base 15
37
What is 12 (base 5) in base 14?
7
-14 (base 9) to base 12
-11
5 (base 16) to base 2
101
6 (base 10) to base 5
11
Convert 59 (base 13) to base 16.
4a
Convert -5 (base 14) to base 12.
-5
What is 110 (base 2) in base 14?
6
-524 (base 7) to base 14
-14b
Convert 8 (base 9) to base 14.
8
What is 6 (base 7) in base 3?
20
Convert 191 (base 16) to base 2.
110010001
Convert -8 (base 16) to base 15.
-8
What is 110 (base 2) in base 11?
6
Convert 58 (base 15) to base 4.
1103
-110 (base 2) to base 8
-6
-cc (base 13) to base 4
-2220
Convert -110 (base 7) to base 16.
-38
What is -3 (base 7) in base 16?
-3
What is -4 (base 11) in base 5?
-4
What is 103 (base 6) in base 7?
54
What is 1 (base 10) in base 15?
1
What is -c (base 14) in base 10?
-12
0 (base 9) to base 16
0
What is 63 (base 15) in base 11?
85
What is 0 (base 5) in base 14?
0
Convert 197 (base 13) to base 8.
445
11122 (base 3) to base 12
a5
111 (base 4) to base 10
21
What is -27 (base 10) in base 5?
-102
1c (base 16) to base 8
34
-3 (base 13) to base 15
-3
220 (base 10) to base 12
164
What is -17 (base 11) in base 8?
-22
-16 (base 15) to base 6
-33
-14 (base 9) to base 4
-31
-2 (base 13) to base 15
-2
What is -10 (base 2) in base 15?
-2
What is -5 (base 9) in base 15?
-5
What is 3 (base 5) in base 3?
10
-2a (base 11) to base 8
-40
Convert -65 (base 14) to base 15.
-5e
What is 13 (base 14) in base 4?
101
1 (base 14) to base 10
1
What is 8 (base 13) in base 7?
11
Convert -20200 (base 3) to base 8.
-264
Convert 2 (base 5) to base 8.
2
What is 0 (base 13) in base 2?
0
Convert 306 (base 11) to base 8.
561
Convert 3 (base 12) to base 15.
3
What is -54 (base 11) in base 6?
-135
What is 9 (base 11) in base 6?
13
What is -3 (base 9) in base 16?
-3
10 (base 11) to base 16
b
Convert -3 (base 8) to base 2.
-11
What is -111011 (base 2) in base 15?
-3e
What is -46 (base 7) in base 8?
-42
Convert 78 (base 9) to base 7.
131
10331 (base 4) to base 14
189
-1 (base 9) to base 2
-1
What is 21 (base 10) in base 8?
25
-34 (base 15) to base 10
-49
What is -2 (base 15) in base 14?
-2
What is -5 (base 11) in base 2?
-101
Convert -122 (base 5) to base 16.
-25
1001101 (base 2) to base 9
85
Convert 14 (base 6) to base 3.
101
Convert -2 (base 12) to base 7.
-2
Convert 120 (base 3) to base 15.
10
17 (base 8) to base 15
10
What is 3 (base 5) in base 9?
3
22 (base 5) to base 7
15
What is 3103 (base 4) in base 12?
157
200 (base 3) to base 10
18
-3 (base 8) to base 5
-3
-4 (base 10) to base 7
-4
25 (base 8) to base 7
30
What is -10 (base 4) in base 9?
-4
What is -1a (base 11) in base 6?
-33
b (base 16) to base 13
b
What is 1212 (base 3) in base 8?
62
144 (base 6) to base 16
40
14 (base 13) to base 14
13
-515 (base 6) to base 12
-13b
1 (base 2) to base 9
1
23 (base 13) to base 5
104
Convert -145 (base